w - 3*y - 10, 2*y = -4*w + 4. Suppose 0*h = -h + w. What is the units digit of h?
2
Let z = 40 - 27. Let x = -30 - -23. Let g = z + x. What is the units digit of g?
6
What is the tens digit of (3 - 0)/((-1)/(-15))?
4
Let l(r) = -r**3 + 3*r**2 + 2*r. Let c be l(4). Let s = 0 - c. What is the units digit of s?
8
Let g(r) = -21*r. Let w(d) = d. Let m(x) = g(x) + 3*w(x). What is the tens digit of m(-1)?
1
Suppose -20 = -0*k - 2*k - 3*u, -2*k = 4*u - 16. Suppose 2*r - k + 88 = 4*v, 3*v = r + 55. What is the units digit of v?
9
Let q(b) = 36*b - 1. What is the units digit of q(1)?
5
Let t = -1 - -13. Let r = t + -4. Let m = r + -5. What is the units digit of m?
3
Suppose -5*q + 3*w + 605 = 0, -q + 6*q - 585 = -w. What is the units digit of q?
8
Suppose -4*d + 24 = -m - 0, -2*m - 28 = -3*d. Let t = m - -11. Suppose -3 - 3 = -t*f. What is the units digit of f?
2
Let d = 11 + -7. What is the units digit of d/14 - (-150)/14?
1
Let f = -13 - -28. Suppose -f = -2*d - d. What is the units digit of d?
5
Let v(w) = -9*w - 10*w - 5 + 2*w. What is the units digit of v(-2)?
9
Let m(r) = r**2 + 7*r + 8. Let l be m(-7). Let z(o) = -o**2 + 10*o - 8. What is the units digit of z(l)?
8
Let u(q) be the third derivative of -q**4/24 + 5*q**3/2 + 3*q**2. What is the units digit of u(12)?
3
Suppose -5*v = -o + 13, -3*v - 9 = o + 10. Let j = 29 + o. Let q = j - 14. What is the units digit of q?
8
Let n(d) = -d**2 + 30*d + 27. What is the units digit of n(24)?
1
Let a(k) = -2*k - 5. Let r be a(5). Let n = -9 - r. Let l = -4 + n. What is the units digit of l?
2
Suppose 145 = t - 6*t. What is the units digit of 6/(-9) + t/(-3)?
9
Let y = -11 + 2. Let a = 32 + y. What is the tens digit of a?
2
Let n be (-1)/(-4) + (-15)/(-4). Suppose -9 = -m - n. What is the units digit of m?
5
Let t(x) = -x + 2*x + 0*x + 9 - 1. Let h(k) = 2*k + 4. Let u be h(-5). What is the units digit of t(u)?
2
What is the units digit of 1/(-6) - 17838/(-108)?
5
Let x = 3 + -1. Let l(q) = q**3 + q**x + 2*q**2 + 6*q + 4*q**2 + 6. What is the units digit of l(-6)?
6
Let i = -46 + 231. What is the tens digit of i?
8
Let u be -5 - 0 - (1 + -2). Let l be (-1)/(-2) + 18/u. Let b(y) = y**3 + 4*y**2 - y + 1. What is the units digit of b(l)?
5
What is the tens digit of ((-864)/16)/(1/(-7))?
7
Let i = 3 + -7. Let o(p) = -6*p - 9. Let g(v) = v. Let b(a) = -5*g(a) - o(a). What is the units digit of b(i)?
5
Let t(s) = -20*s**3 - s**2 + 1. Let p = 4 + -5. What is the tens digit of t(p)?
2
Let b(j) = -j - 3. Let f be b(-3). Suppose -13 = -o + 27. Suppose f = -3*c - 2*c + o. What is the units digit of c?
8
Let y = -4 - 3. What is the units digit of y/(2*2/(-4))?
7
Let t = 3 - 3. Suppose -3*d + t*d = -48. What is the tens digit of d?
1
What is the units digit of (3 - (-1716)/16) + 2/(-8)?
0
Suppose 2*f = 5*u + 165 + 86, -3*f - 3*u + 429 = 0. What is the hundreds digit of f?
1
Let z(q) = 24*q + 2. What is the units digit of z(6)?
6
Let t = -5 - 1. What is the units digit of 1*12 + (-3 - t)?
5
Let s(o) = o**2 + 2*o - 1. Suppose -5*y + 2 = -3. Let t be s(y). Suppose 0 = -t*z - 8, 5*z + 26 = n + 2*z. What is the tens digit of n?
1
Suppose -2*h - 5*p = -177, 2*h + 19 = 2*p + 175. What is the units digit of h?
1
Let v(m) be the first derivative of -m**4/12 + m**3 + m**2 - 3*m - 4. Let g(t) be the first derivative of v(t). What is the units digit of g(4)?
0
Suppose -h = -0*h + 10. Let u = 11 + h. What is the units digit of u?
1
Suppose -130 = -4*z - 2*k + 8, -3*z + 102 = 3*k. Let t = z - 20. What is the tens digit of t?
1
Suppose 23*r - 3120 = 8*r. What is the units digit of r?
8
Suppose -5*i + 107 = -38. Suppose -4*x = -3*x - i. Suppose g + 0 = 3*f - 5, -3*g - 2*f + x = 0. What is the units digit of g?
7
Let x be ((-3)/(-5))/((-3)/15). Let q = 5 + x. What is the units digit of q?
2
Suppose 5*f - 5*n + 35 = 0, 0*f - 5*n - 13 = -f. Let l = f + 19. What is the units digit of l?
7
Let i be (-5)/(-30) + 35/6. What is the tens digit of 45/2*4/i?
1
Let l(w) = 4*w + 3. Let m be l(-6). What is the units digit of (-18)/8*112/m?
2
Let s(i) = i**2 + 11*i + 10. What is the tens digit of s(-14)?
5
Suppose -3*l + 8*l = 155. What is the units digit of l?
1
Suppose 3*i - 13 = -f, 3*f - 3*i - 2*i - 53 = 0. What is the tens digit of f?
1
Suppose a - 4*r = -a - 2, 0 = -5*a + r - 5. Suppose 7*l - 2*l + 20 = -2*d, 3 = -4*l + d. What is the units digit of (a - l)*(-28)/(-4)?
7
Let h(i) = i**2 + 6*i - 15. Suppose -2*f = 5*f + 63. What is the units digit of h(f)?
2
What is the units digit of (-298)/3*3/(-2)?
9
Let w(c) = -c + 1. Let o(s) = -s**2 + 13*s - 13. Let j(r) = o(r) + 4*w(r). Let y be 2*(52/8 - 3). What is the units digit of j(y)?
5
Suppose -2*k - b - 2*b + 16 = 0, -b - 4 = -4*k. Suppose -3*s - 5 = k*s + 2*v, 26 = -2*s + 4*v. What is the units digit of (-9)/2*(1 + s)?
9
Suppose -1 + 9 = -2*m. Let b be 22/5 + m/10. Suppose h - 8 = -3*h + 5*j, 0 = 3*h - b*j - 5. What is the units digit of h?
7
Let r = -9 + 13. Let d(s) = -14*s**3 + 8*s**2 - 12*s - 12. Let j(y) = 5*y**3 - 3*y**2 + 4*y + 4. Let x(f) = -6*d(f) - 17*j(f). What is the units digit of x(r)?
4
Let v(c) = -c**3 + c**2 - c + 4. Let h(d) = -4*d + d - 22 + 22 + d**2. Let f be h(3). What is the units digit of v(f)?
4
Let v(r) = 5*r**3 - 3*r**2 + 3*r - 3. Let a(p) = -2*p**3 + 2*p**2 - 2*p + 2. Let c(t) = 5*a(t) + 3*v(t). Let g = 5 + -4. What is the units digit of c(g)?
6
Let m = -103 + 147. Suppose 0 = -2*b + 6*b - m. Let j = -7 + b. What is the units digit of j?
4
Let f = 163 + -91. What is the units digit of f?
2
Let m(q) = q**2 + 2*q - 1. Let g be ((-10)/4)/5*10. What is the tens digit of m(g)?
1
Suppose -2*b + 3*j + 160 = 0, 6*b - 2*b - 280 = -4*j. Suppose 0 = -5*h + 11 + b. What is the tens digit of h?
1
Suppose -3*i = 3*c + c - 108, 0 = -2*i + 5*c + 95. Let g be i + (0/3)/3. Suppose -2*o + g = 3*o - 2*q, -5*q = 0. What is the units digit of o?
8
Suppose 0 = -a + 166 - 34. What is the units digit of a?
2
Suppose 0 = 4*c + 5*c - 369. What is the units digit of c?
1
Suppose -l = 2*l - 9. What is the units digit of l - 3/(6/(-22))?
4
What is the tens digit of -48*((-30)/(-8))/(-3)?
6
Suppose 298 = 2*o - 10. What is the hundreds digit of o?
1
Suppose l + 1 = 17. Suppose 12*g - l*g + 16 = 0. What is the units digit of g?
4
Let y(z) = -2*z + z + 4*z + 3*z. What is the units digit of y(4)?
4
Let t = 2 + -5. Let d be -20 + -1 + (t - -3). Let h = d - -30. What is the units digit of h?
9
Suppose 4*w = 5*m - 670, 5*m + 3*w = -457 + 1127. What is the units digit of m?
4
Suppose 4*i + 280 = 32. Let n = -36 - i. What is the tens digit of n?
2
Let b(s) = -3*s**2 + 2*s - 1. Let j be b(1). Let v = 12 + j. What is the units digit of v?
0
Suppose 2*j - 1 = 7. What is the units digit of j?
4
Let h(s) = 221*s**2 + 1. What is the hundreds digit of h(-1)?
2
Let h(i) = -3*i. Let z = 10 + -14. What is the units digit of h(z)?
2
Let m be -1 + -3 + (1 - -1). Let y be (m/(-6))/((-4)/(-96)). What is the tens digit of (-57)/(-6)*y/4?
1
Suppose 2*f = 3*f - 46. Let p be 1 + (3 - 4) + f. Suppose 5*t - 4 - p = 0. What is the units digit of t?
0
Suppose -y + 0*y + 8 = -3*s, -2*y = -2*s - 16. Suppose 0 = z - y - 9. What is the tens digit of z?
1
Suppose d = 4*u - 61, -3*d - 59 = -4*u - 4*d. Let n = 9 + -18. Let i = u + n. What is the units digit of i?
6
Suppose 4*h + 18 + 30 = 0. Let u = h - -34. What is the units digit of u?
2
Suppose -2*d + 14 = -4. Suppose -d + 3 = -2*y. Suppose 0 = -y*l + 23 + 1. What is the units digit of l?
8
Let v = -1 + 3. Suppose v*g + 2*t = 28, t = 3*g + 2*t - 40. What is the tens digit of g?
1
Suppose 4*h = -44 + 8. Let w(p) = -p - 1. What is the units digit of w(h)?
8
Let s be (3 - 11) + (-1 - 1). Let x(w) = -2*w**2 - 5*w - 3. Let q be x(-3). Let b = q - s. What is the units digit of b?
4
Let t(z) = z - 2. Let o be (6/4)/((-3)/(-28)). Let d be 4/o + (-198)/(-42). What is the units digit of t(d)?
3
Let p = 89 - -6. What is the tens digit of p?
9
What is the units digit of 2*(-135)/(-14) - 16/56?
9
Suppose 3*s + 17 + 17 = -4*d, 5*d = 5*s + 10. What is the units digit of (-18)/(-4)*s/(-9)?
3
Let p be 1/((-4)/(-10))*2. Let s = -3 + p. Suppose z + 5 = s*z, l + z - 7 = 0. What is the units digit of l?
2
Let j(n) = -5*n + 2. Let a be j(-4). Let i = a + -16. Suppose 4*b = b + i. What is the units d